alculate the greatest common divisor of 182 and i.
26
Let x be ((-847)/((-1)/1))/1. What is the highest common divisor of 77 and x?
77
Let c be (-88)/12*18/(-1). Let h = c - 80. Calculate the greatest common factor of 26 and h.
26
Suppose 0 = -25*o + 485 + 565. Let z = 1 - -5. Calculate the greatest common divisor of o and z.
6
Let m(y) = y**3 + 4*y**2 - 9*y + 25. Let q be m(5). Let j(h) = h**3 - 9*h**2 + 5*h - 4. Let d be j(9). What is the highest common divisor of d and q?
41
Let k = -49 + 58. Suppose -k*u - 27 = -10*u. Calculate the highest common factor of 9 and u.
9
Let h = 94 + -38. Suppose 0 = 2*t + 3 - 19. Calculate the highest common factor of h and t.
8
Let o(q) = -q**3 + 32*q**2 + 33*q + 39. Let z be o(33). What is the greatest common divisor of 1209 and z?
39
Let x be 44/(1 - (-3 + 2)). Suppose h - 150 = 92. Calculate the highest common factor of x and h.
22
Let z be (-21 - -28) + (-5 - 1) - -9. Calculate the highest common divisor of 190 and z.
10
Let n = 513 + -281. Let p(m) = -m**2 + 13*m - 7. Let z be p(9). What is the greatest common factor of z and n?
29
Suppose 0 = -4*j + 6 + 6. Suppose -3*o + j = 0, 0*d - 5*d + 542 = 2*o. Let x be 1/5 + 102/15 + 5. What is the greatest common factor of d and x?
12
Let v(t) = -t**2 - 4*t + 8. Let h be v(-8). Let p = 28 + h. Suppose -76 = -2*w + 3*g, 3*w - p*w + 4*g + 28 = 0. Calculate the highest common factor of w and 66.
22
Let u(y) = y**2 - 12*y - 32. Let r be u(-4). What is the highest common factor of 6 and r?
2
Let y be (((-132)/7)/2)/((-216)/1008). What is the greatest common factor of y and 16?
4
Let q = -299 + 311. What is the greatest common factor of 192 and q?
12
Suppose 0 = -3*h - 3*c + 240, -3*h + 10*c = 6*c - 205. Calculate the highest common factor of h and 60.
15
Let z(t) = t**3 + 9*t**2 + 28*t + 128. Let b be z(-7). Calculate the highest common factor of b and 285.
15
Let k be 8/(288/8916) + (-3)/(-9). Calculate the highest common factor of 93 and k.
31
Let w be 42/35*200/15. Calculate the highest common factor of w and 304.
16
Let k(g) = -g**3 - 8*g**2 + 4*g + 11. Let d(a) = a**3 + a**2 + a - 9. Let s be d(0). Let y be k(s). Calculate the highest common divisor of 70 and y.
14
Suppose -19*n - 753 = -3888. Let s(d) = 2*d**2 - 4*d - 1. Let j be s(4). Calculate the highest common factor of j and n.
15
Let w be 3/(-2)*9084/(-18). Let a = w - 471. Calculate the highest common divisor of a and 26.
26
Let d be 5/(28/8 + -3). Let u = 25 + 33. Suppose f - u - 12 = 0. Calculate the highest common divisor of f and d.
10
Suppose -2*z + 78 = -18. What is the highest common factor of z and 432?
48
Suppose -y = -3*c - 216, 0 = 5*c - 3*c. Suppose -21 + 189 = 7*d. What is the greatest common factor of d and y?
24
Suppose 0 = -4*j - 2*k + 6 + 248, k - 189 = -3*j. Calculate the greatest common factor of 1922 and j.
62
Suppose -11*k + k + 390 = 0. Suppose -o + 129 = 3*o - 5*q, -o = q - k. What is the greatest common factor of o and 54?
18
Suppose -15*p + 11*p + g = -117, p - 3*g - 32 = 0. What is the highest common factor of 87 and p?
29
Let w = 177 + -165. Calculate the highest common factor of w and 384.
12
Let x(h) = -7*h + 234. Let l be x(0). Calculate the highest common factor of 26 and l.
26
Suppose 4*j - 124 = -2*o, -o + 0*j - j + 59 = 0. Let h = 2354 + -2347. What is the greatest common divisor of h and o?
7
Suppose 2267 = -136*l + 12739. Let o = -8 - -19. What is the highest common divisor of l and o?
11
Let f be 160/((-6)/(-11 + 5)). Calculate the greatest common divisor of 100 and f.
20
Let j(y) = 6*y - 4*y**3 + y**2 - 6*y. Let n be j(1). Let c be 1*n - (2 + -19). What is the highest common divisor of c and 2?
2
Let b = -1243 + 1245. Calculate the highest common divisor of 4 and b.
2
Let a(p) = 2*p - 18. Let h be a(9). Suppose s + h = 96. What is the greatest common divisor of s and 12?
12
Let q(f) = -f - 26. Let z be q(-17). Let j be 4/(-6*3/z). Calculate the highest common divisor of j and 2.
2
Suppose 20*c - 762 = -62. Calculate the greatest common divisor of c and 112.
7
Suppose -4*w + 146 = -w + 2*r, -3*r - 237 = -5*w. Let d = -34 + w. What is the highest common factor of d and 42?
14
Let g be ((-27)/12)/(-3)*4 + -1. Calculate the highest common divisor of g and 23.
1
Let f(c) = -c**3 - 7*c**2 + 17*c - 13. Let j be f(-9). Let r be (-312 - -4)/j + 3. What is the highest common divisor of 20 and r?
20
Let j be -1 - -3 - (-21 + -73). Let o = 8 - 16. Let l = 20 + o. Calculate the greatest common factor of j and l.
12
Let t(m) = -m**3 + 5*m**2 + 5*m + 14. Suppose -q - 50 = -6*q + 4*r, q = r + 11. Let w be t(q). What is the greatest common factor of 40 and w?
8
Let y be 1/((-14)/(-6)) + 358/14. Suppose 0 = -6*v + y + 4. Calculate the greatest common divisor of v and 2.
1
Suppose 0 = 4*s - 27 - 113. Let q be (-6)/(-14) + 3065/s. Calculate the greatest common divisor of 11 and q.
11
Let u be (7 - (-81)/(-9)) + 22. Calculate the greatest common factor of 210 and u.
10
Suppose k = -k + 5*i + 28, 4*k + 4*i - 28 = 0. Let m = 69 - -30. Calculate the greatest common factor of m and k.
9
Suppose 5*v - 3*b - 413 = 0, -3*v - 2*b = -83 - 161. Let f be (24 - 15)*(v/6 - 0). What is the greatest common factor of 82 and f?
41
Let t(y) = y**2 + y + 2. Let m be t(-3). Let j(w) = 11*w - 115. Let a be j(17). What is the greatest common factor of a and m?
8
Let w = 64 - 34. Suppose -2*j + 46 + 14 = m, -j + 2*m = -w. Suppose 18 = 3*i - j. Calculate the greatest common divisor of 80 and i.
16
Let i = -72 - -82. Let r be 5 - (-1 - (-2 + i)). Calculate the highest common divisor of 14 and r.
14
Let n be (20 + -42 - -163)/(1 + 0). Calculate the greatest common factor of 94 and n.
47
Let q = 337 + 100. Calculate the greatest common divisor of 46 and q.
23
Let a = 285 + 123. Calculate the greatest common divisor of 24 and a.
24
Let f = 823 + -794. Calculate the greatest common factor of 145 and f.
29
Suppose 2*c + 0*c = -6. Let v be 264/9*c/(-2). Suppose v = 3*j + 4*n, 4*j - 2*n + n = 65. Calculate the greatest common divisor of j and 2.
2
Let q be ((-82)/(-4) + -1)*(-736)/(-138). What is the greatest common factor of 13 and q?
13
Suppose -9*u - 33 = -12*u. Let h be (3 - 6) + 4 + u. Let n(l) = -4*l**3 - 3*l**2 - 2*l. Let f be n(-2). What is the highest common factor of h and f?
12
Suppose 2*g - 360 = -3*g. Let b(y) = 8*y**2 - y + 2. Let t = 4 - 3. Let z be b(t). What is the highest common divisor of z and g?
9
Suppose 2*j = -3*b + 69, -93 = -3*j - 6*b + 5*b. Calculate the greatest common factor of j and 105.
15
Suppose 16*w - 15*w = 10. Let i(v) = 3*v + 6. Let p be i(w). Calculate the greatest common divisor of 324 and p.
36
Suppose -m + 0*m + 3 = 0. Let s be ((-150)/(-24))/((-1)/(-4)). Suppose -p - s = -k - 0*k, -4*k - 4*p + 116 = 0. Calculate the greatest common factor of m and k.
3
Let d(z) = z**2 + 28*z + 45. Let c be d(-27). Calculate the highest common divisor of 90 and c.
18
Suppose -2*v = 5*i - 24 - 371, -3*i - 3 = 0. What is the highest common factor of 75 and v?
25
Let z be (2/6)/((-4)/108). Let s(h) = h**3 + 8*h**2 - 10*h - 4. Let v be s(z). Calculate the highest common factor of 40 and v.
5
Suppose 3*q = 4*q. Suppose q = 2*a + 2*a - 64. Suppose -3*p + 26 = -a. What is the highest common divisor of 2 and p?
2
Let b(t) = -t**3 - 22*t**2 - 72*t + 2. Let r be b(-18). Let v = 4 + -2. Suppose -8 = -v*o + 20. Calculate the greatest common factor of r and o.
2
Let u = 131 + -85. Suppose -4*l + 2*l = -u. Let f = 59 - l. What is the highest common factor of f and 9?
9
Let k(t) = 2*t + 90. Let b be k(-21). What is the greatest common divisor of 16 and b?
16
Suppose -78 = 3*p - 5*p. What is the greatest common divisor of p and 104?
13
Suppose 4*u + 2*s - 16 = 0, s = 4*u + 4*s - 18. Let t = u + 27. Let w be (-79 - 1)/(t/(-45)). Calculate the greatest common divisor of 48 and w.
24
Let s be (-2)/10 - -18*(-76)/(-40). Let w be (-3 - s/(-10)) + 68/5. Calculate the greatest common divisor of 28 and w.
14
Let b be ((-4)/10 - 2)/(51/(-340)). What is the highest common factor of 48 and b?
16
Suppose -5*t + 20 = 5. Let s = 72 + 9. Suppose 0 = -7*u + 4*u + s. Calculate the greatest common divisor of u and t.
3
Let f = -150 - -157. Let p = 64 - 29. Calculate the highest common divisor of f and p.
7
Let a be (2/2)/(4